s - 43679. What is c(-60)?
1
Let r(l) = -l**3 + 15*l**2 + 63*l - 911. Calculate r(15).
34
Let p(x) = x**3 + 122*x**2 - 378*x + 46. Give p(-125).
421
Let f(j) = 11*j + 3371. What is f(-322)?
-171
Let q(g) = 44304*g + 620246. Determine q(-14).
-10
Let n(s) = -148*s - 1338. Calculate n(-8).
-154
Let i(j) = 5*j**3 + 545*j**2 + 2096*j - 401. Calculate i(-105).
19
Let b(w) = 289*w - 2397. Give b(-8).
-4709
Let x(y) = y**3 + 109*y**2 - 1424*y + 3002. Give x(-121).
-386
Let w(i) = 93342*i**2 + 373370*i. Determine w(-4).
-8
Let n(m) = -1034*m - 51567. What is n(-50)?
133
Let w(p) = 4*p**3 + 191*p**2 - 637*p + 80. Determine w(3).
-4
Let w(a) = 435*a + 29564. Calculate w(-68).
-16
Let u(x) = -2242*x - 6215. Give u(-3).
511
Let k(w) = -48*w**3 + 125*w**2 - 30*w + 69. Determine k(3).
-192
Let o(y) = 72*y + 854. Determine o(-11).
62
Let x(q) = 30*q**2 + 1099*q - 3285. What is x(3)?
282
Let k(c) = -c**3 + 77*c**2 - 83*c - 257. Calculate k(76).
-789
Let d(o) = o**2 - 9*o - 794. Calculate d(32).
-58
Let d(v) = -525*v + 6490. Determine d(12).
190
Let l(f) = -9*f**2 + 15375*f - 76643. Give l(5).
7
Let n(l) = 6*l**2 + 2252*l + 22401. Determine n(-10).
481
Let a(j) = -59*j**2 + 319*j + 1387. Give a(-4).
-833
Let n(h) = -35930*h - 1975875. Determine n(-55).
275
Let p(j) = -2206*j + 774340. Determine p(351).
34
Let u(z) = 15682*z + 2148426. What is u(-137)?
-8
Let h(j) = 4*j**3 - 2959*j**2 - 821*j + 59929. Determine h(740).
-11
Let r(v) = 2*v**3 + 850*v**2 + 3368*v - 23. What is r(-421)?
-23
Let c(l) = -9*l**2 - 398*l - 172. Calculate c(-44).
-84
Let u(r) = -3*r**3 - 320*r**2 - 198*r + 1341. What is u(-106)?
-143
Let p(b) = -1938*b**2 + 430*b - 432. What is p(1)?
-1940
Let r(i) = 28*i**3 + 7385*i**2 - 1843*i + 1274. Give r(-264).
-46
Let t(g) = -11566*g - 45972. Determine t(-4).
292
Let v(k) = -3*k**3 - 9*k**2 + 157*k + 800. Determine v(-6).
182
Let m(b) = 143*b**3 + 5858*b**2 - 204*b + 22. Determine m(-41).
-19
Let r(l) = -18*l**3 + 3787*l**2 - 8944*l - 198. Calculate r(208).
-198
Let s(x) = -1516*x**3 - 2*x**2 + 18*x - 17. What is s(1)?
-1517
Let u(c) = 29*c - 3343. Determine u(108).
-211
Let n(q) = -9498*q - 2820895. Calculate n(-297).
11
Let w(t) = -42*t + 554. Determine w(-24).
1562
Let k(l) = l**3 - 23*l**2 + 95*l + 256. What is k(9)?
-23
Let a(z) = 2*z**3 + 56*z**2 - 99*z - 1374. Calculate a(-29).
-185
Let w(m) = -5*m - 1235. What is w(-200)?
-235
Let c(l) = -2*l**2 + 691*l - 35163. Calculate c(62).
-9
Let b(n) = 3*n**3 - 147*n**2 + 30*n + 165. Give b(49).
1635
Let i(w) = 174*w**2 + 5476*w + 12456. Give i(-29).
-14
Let u(k) = -10*k**2 + 343*k + 637. Give u(36).
25
Let u(x) = 6*x**2 - 2309*x + 16290. Give u(7).
421
Let n(t) = t**3 - 28*t**2 - 85*t + 9861. Determine n(-16).
-43
Let v(x) = 2*x**2 - 5403*x + 3083543. Determine v(819).
8
Let z(c) = -c**3 + 29*c**2 - 138*c + 479. Determine z(16).
1599
Let u(a) = a**2 - 138*a - 567. What is u(143)?
148
Let p(c) = -3971*c - 273508. What is p(-69)?
491
Let g(b) = -b**3 - 79*b**2 + 146*b - 1245. Calculate g(-81).
51
Let s(c) = -c**3 + 1455*c**2 - 67535*c - 79. Give s(48).
-31
Let c(i) = -i**3 + 484*i**2 + 1963*i - 5602. Give c(488).
-234
Let q(y) = 57*y - 5853. Calculate q(73).
-1692
Let y(x) = -1260*x + 375610. Give y(298).
130
Let m(c) = c**3 + 5*c**2 + 116*c - 1881. Give m(14).
3467
Let k(o) = -6222*o**3 + 44*o**2 + 43*o - 3. What is k(-1)?
6220
Let x(w) = 7574*w - 1045205. Determine x(138).
7
Let f(r) = 85*r - 3680. Determine f(45).
145
Let v(b) = -3*b**3 - 303*b**2 + 2969*b - 9. What is v(9)?
-18
Let k(d) = -380983*d - 6857717. What is k(-18)?
-23
Let i(x) = 2779*x - 16156. Give i(6).
518
Let t(f) = 29*f**2 + 10574*f - 36068. What is t(-368)?
-4
Let x(d) = -96*d**3 + 2*d**2 - 43*d + 79. What is x(2)?
-767
Let z(l) = -2*l**2 - 13435*l - 227681. Determine z(-17).
136
Let x(c) = 5873*c + 23494. Determine x(-4).
2
Let j(g) = g**3 - 380*g**2 + 2226*g + 110. Determine j(6).
2
Let j(q) = -10*q**3 - 162*q**2 - 68*q - 871. Give j(-16).
-295
Let s(o) = o**3 - 16*o**2 - 3637*o + 64840. Give s(18).
22
Let w(f) = 305*f**2 + 3982*f + 249. Calculate w(-13).
28
Let w(v) = 1353*v + 332. Calculate w(-1).
-1021
Let j(f) = 111*f**2 + 833*f + 82. Determine j(-8).
522
Let f(z) = -34*z**2 - 6525*z - 1300. Calculate f(-192).
-1876
Let l(d) = 3*d**3 + 50*d**2 - 189*d + 128. Determine l(-20).
-92
Let s(c) = 7*c**3 - 10801*c**2 - 21628*c - 3075. Calculate s(1545).
15
Let r(d) = -d**2 - 52208*d - 1252388. Determine r(-24).
28
Let t(n) = n**3 - 32*n**2 + 91*n - 190. Give t(25).
-2290
Let c(s) = 3*s**3 - 295*s**2 + 4559*s + 1816. What is c(79)?
-1
Let c(y) = 554299*y + 554301. Give c(-1).
2
Let q(n) = -5*n**2 + 466*n - 3446. Determine q(8).
-38
Let k(v) = 134*v**2 + 4955*v - 141. Calculate k(-37).
-30
Let s(x) = -17*x**2 + 6*x + 14. Give s(4).
-234
Let c(i) = -3539*i - 4349. Calculate c(-2).
2729
Let a(s) = -1705*s - 15650. What is a(-9)?
-305
Let s(l) = 6*l**3 - 656*l**2 + 215*l + 258. Calculate s(109).
-69
Let g(h) = -3*h**3 - 111*h**2 - 217*h - 264. Give g(-35).
-19
Let j(y) = 73578*y + 441449. Determine j(-6).
-19
Let y(o) = o**3 - 28*o**2 - 13*o + 168. Give y(25).
-2032
Let r(z) = -2*z**3 + 44*z**2 + 310*z - 7686. Calculate r(22).
-866
Let n(s) = -s**2 + 820*s - 75683. Calculate n(106).
1
Let z(x) = -x**3 + 10*x**2 + 676*x + 522. Calculate z(-21).
-3
Let g(n) = n**2 - 375*n + 15136. Give g(42).
1150
Let o(s) = -2*s**3 - 26*s**2 + 14*s + 133. Give o(-11).
-505
Let n(b) = 5*b**2 + 80*b + 782. Give n(-12).
542
Let b(q) = 25*q**3 - 371*q**2 - 192*q + 2011. Give b(15).
31
Let h(u) = 1245*u - 208234. Calculate h(167).
-319
Let y(v) = v**2 - 55*v - 1200. Calculate y(-27).
1014
Let l(x) = 2*x**3 + 140*x**2 - 280*x - 14. What is l(-72)?
-590
Let t(w) = -w**3 + 72*w**2 - 4438*w + 319751. Give t(72).
215
Let i(w) = -22644*w - 135733. Determine i(-6).
131
Let m(t) = 2826*t + 5670. What is m(-2)?
18
Let z(v) = -8464*v + 84205. Calculate z(10).
-435
Let o(h) = -151*h**2 + 53610*h - 1739. What is o(355)?
36
Let s(u) = 2*u**3 + 45*u**2 - 52*u + 104. What is s(-24)?
-376
Let v(d) = 2*d - 48. Determine v(68).
88
Let p(s) = 26*s**2 + 1759*s + 29139. Give p(-39).
84
Let j(m) = 7*m**2 + 3785*m + 271145. Determine j(-85).
-5
Let z(a) = -8*a**2 + 709*a - 1187. Calculate z(87).
-56
Let q(y) = -250*y + 7357. Calculate q(29).
107
Let u(r) = 360*r - 212751. Give u(591).
9
Let l(a) = 19*a**3 - 113*a**2 - 29*a + 75. Determine l(3).
-516
Let f(p) = -p**3 - 66*p**2 + 13*p - 3554. Determine f(-67).
64
Let m(d) = 107*d + 20502. Give m(-193).
-149
Let m(b) = b**3 - 13*b**2 + 12171*b - 208052. Give m(17).
11
Let t(y) = 7*y**2 + 754*y + 18121. Calculate t(-42).
-1199
Let d(m) = 42*m**2 + 318*m - 180. Give d(-8).
-36
Let i(f) = -f**2 - 262*f + 3412. Calculate i(13).
-163
Let c(k) = 452*k - 2456. Give c(5).
-196
Let z(w) = 2997*w - 5940. Determine z(2).
54
Let x(b) = 10201*b + 1632147. Calculate x(-160).
-13
Let w(z) = -17568*z - 4444711. Determine w(-253).
-7
Let v(q) = 12*q**2 + 3705*q + 247797. What is v(-98)?
-45
Let h(z) = -6855*z - 178233. Give h(-26).
-3
Let j(m) = 3144*m - 86911. Determine j(27).
-2023
Let n(m) = -m**2 - 104*m - 940. Calculate n(-10).
0
Let u(j) = 504*j - 26222. Determine u(50).
-1022
Let a(l) = -l**2 + 3821*l - 792227. Calculate a(220).
-7
Let j(v) = -9*v**3 + 97*v**2 - 240*v + 119. Determine j(8).
-201
Let m(w) = 6*w**2 - 721*w - 711. Give m(-1).
16
Let d(w) = -w**3 - 187*w**2 - 577*w - 4685. Calculate d(-184).
-85
Let w(j) = j**3 - 54*j**2 + 25*j - 644. What is w(54)?
706
Let u(l) = 11*l**2 + 411*l - 3778. Determine u(-45).
2
Let o(q) = q**3 - 43*q**2 + 87*q + 344. What is o(41)?
549
Let w(b) = -2705*b - 2502132. Calculate w(-925).
-7
Let m(u) = 3*u**3 + 59*u**2 + 35*u + 70. Determine m(-15).
2695
Let q(m) = -169*m**2 + 3042*m + 38. What is q(18)?
38
Let i(z) = -2*z**2 + 682*z + 31316. Give i(-41).
-8
Let j(g) = g**2 + 26*g - 4449. Calculate j(-81).
6
Let m(c) = c**3 - 4*c**2 - 16246*c + 113577. Calculate m(7).
2
Let l(b) = 15097*b - 15133. Calculate l(1).
-36
Let a(u) = -215*u**2 + 129*u - 26. Calculate a(3).
-1574
Let q(l) = 56284*l + 562835. Give q(-10).
-5
Let x(a) = 6575*a + 1650327. Give x(-251).
2
Let y(n) = -7029*n - 28177. Determine y(-4).
-61
Let i(f) = 790*f**2 + 5853*f - 7. Give i(-7).
-2268
Let l(k) = -72*k**2 + 8316*k - 4138. Det